8 is divided by 883?
81
What is the remainder when 319882157 is divided by 92?
89
What is the remainder when 20828672 is divided by 1735?
1732
What is the remainder when 17573 is divided by 2887?
251
What is the remainder when 4764461 is divided by 4764406?
55
Calculate the remainder when 2890263 is divided by 1024.
535
Calculate the remainder when 3570785 is divided by 1351.
92
Calculate the remainder when 2085054 is divided by 9.
6
What is the remainder when 34237 is divided by 1231?
1000
What is the remainder when 1496955 is divided by 640?
635
Calculate the remainder when 65699 is divided by 5905.
744
What is the remainder when 3155994 is divided by 1541?
26
What is the remainder when 47240493 is divided by 67?
66
What is the remainder when 1424502 is divided by 154?
2
Calculate the remainder when 601051 is divided by 119222.
4941
Calculate the remainder when 6957321 is divided by 396.
393
Calculate the remainder when 1130130 is divided by 86866.
872
What is the remainder when 90599 is divided by 8398?
6619
Calculate the remainder when 973700 is divided by 38.
26
Calculate the remainder when 1497657 is divided by 770.
7
What is the remainder when 403614 is divided by 3510?
3474
Calculate the remainder when 726701 is divided by 363270.
161
What is the remainder when 62626784 is divided by 1139?
8
Calculate the remainder when 1995318 is divided by 48666.
12
What is the remainder when 25194443 is divided by 1829?
1797
Calculate the remainder when 25840 is divided by 12485.
870
Calculate the remainder when 166742789 is divided by 83371390.
9
What is the remainder when 339692 is divided by 30817?
705
What is the remainder when 8095410 is divided by 1156481?
43
What is the remainder when 2182796 is divided by 908?
872
What is the remainder when 58188920 is divided by 318?
8
Calculate the remainder when 38754 is divided by 5931.
3168
What is the remainder when 3019746 is divided by 3172?
2
What is the remainder when 22307 is divided by 2440?
347
Calculate the remainder when 342499 is divided by 16299.
220
What is the remainder when 199017 is divided by 255?
117
What is the remainder when 9726173 is divided by 69?
2
Calculate the remainder when 250282 is divided by 22540.
2342
What is the remainder when 554455 is divided by 440?
55
Calculate the remainder when 497486 is divided by 923.
912
What is the remainder when 3017637 is divided by 269?
264
What is the remainder when 359925 is divided by 7345?
20
What is the remainder when 10917018 is divided by 39?
21
What is the remainder when 27753 is divided by 6935?
13
What is the remainder when 29095445 is divided by 381?
380
What is the remainder when 24223600 is divided by 203559?
79
Calculate the remainder when 108948 is divided by 450.
48
What is the remainder when 3543658 is divided by 116?
90
What is the remainder when 14751 is divided by 7308?
135
What is the remainder when 10443599 is divided by 2901?
2900
Calculate the remainder when 3986522 is divided by 2845.
677
What is the remainder when 258380 is divided by 258365?
15
What is the remainder when 854765 is divided by 2121?
2
Calculate the remainder when 309527348 is divided by 3775.
3773
What is the remainder when 34069 is divided by 8200?
1269
What is the remainder when 396899 is divided by 759?
701
What is the remainder when 274897 is divided by 21085?
792
What is the remainder when 10585832 is divided by 139285?
172
Calculate the remainder when 79544564 is divided by 162.
134
What is the remainder when 13177619 is divided by 207?
206
Calculate the remainder when 8968787 is divided by 123.
119
What is the remainder when 75061 is divided by 159?
13
What is the remainder when 5531172 is divided by 209?
196
Calculate the remainder when 4895995 is divided by 234.
13
Calculate the remainder when 8663398 is divided by 112511.
51
What is the remainder when 58735020 is divided by 29367508?
4
Calculate the remainder when 2088597 is divided by 9153.
1713
Calculate the remainder when 1970645 is divided by 550.
545
Calculate the remainder when 186556 is divided by 46459.
720
What is the remainder when 9755162 is divided by 1015?
1012
What is the remainder when 5634068 is divided by 2010?
38
Calculate the remainder when 77595 is divided by 5515.
385
Calculate the remainder when 90076003 is divided by 5002.
4989
Calculate the remainder when 943180 is divided by 314334.
178
Calculate the remainder when 32792617 is divided by 862963.
23
Calculate the remainder when 747280 is divided by 113.
11
What is the remainder when 7498762 is divided by 1274?
1272
Calculate the remainder when 149890 is divided by 29003.
4875
Calculate the remainder when 19498548 is divided by 18.
12
What is the remainder when 337019215 is divided by 915?
10
What is the remainder when 7684422 is divided by 41?
38
Calculate the remainder when 165565 is divided by 54546.
1927
Calculate the remainder when 467988 is divided by 58080.
3348
Calculate the remainder when 19303488 is divided by 6038.
2
Calculate the remainder when 1110625 is divided by 754.
737
What is the remainder when 47898504 is divided by 349?
348
What is the remainder when 24492 is divided by 2358?
912
What is the remainder when 6152 is divided by 3317?
2835
What is the remainder when 14414 is divided by 2288?
686
Calculate the remainder when 121461 is divided by 120748.
713
What is the remainder when 19042425 is divided by 94?
93
Calculate the remainder when 61927910 is divided by 3693.
3686
Calculate the remainder when 99120 is divided by 14156.
28
What is the remainder when 65546 is divided by 16156?
922
What is the remainder when 119544723 is divided by 4427582?
9
What is the remainder when 191316 is divided by 2946?
2772
Calculate the remainder when 1347668 is divided by 1093.
1092
What is the remainder when 1510419 is divided by 100686?
129
Calculate the remainder when 452292 is divided by 64431.
1275
What is the remainder when 92657 is divided by 1548?
1325
What is the remainder when 52250314 is divided by 538663?
3
What is the remainder when 1326317 is divided by 442097?
26
Calculate the remainder when 243278593 is divided by 13.
12
What is the remainder when 1665723 is divided by 1320?
1203
Calculate the remainder when 242701 is divided by 242697.
4
What is the remainder when 17118890 is divided by 39?
35
What is the remainder when 279260504 is divided by 39?
29
What is the remainder when 118818 is divided by 1212?
42
Calculate the remainder when 2583323 is divided by 5508.
71
Calculate the remainder when 14402915 is divided by 38.
3
What is the remainder when 5855888 is divided by 581?
570
Calculate the remainder when 186975385 is divided by 105.
100
Calculate the remainder when 20220 is divided by 3352.
108
What is the remainder when 57604 is divided by 19064?
412
Calculate the remainder when 10511559 is divided by 73.
70
Calculate the remainder when 338348 is divided by 2226.
2222
Calculate the remainder when 7318613 is divided by 48.
5
Calculate the remainder when 32855 is divided by 7851.
1451
What is the remainder when 667668 is divided by 667440?
228
What is the remainder when 14405077 is divided by 20?
17
Calculate the remainder when 410934 is divided by 45108.
4962
Calculate the remainder when 2116175 is divided by 423008.
1135
Calculate the remainder when 3468820 is divided by 5020.
0
Calculate the remainder when 3145478 is divided by 948.
14
Calculate the remainder when 26335847 is divided by 68942.
3
Calculate the remainder when 136588333 is divided by 3.
1
Calculate the remainder when 2721 is divided by 590.
361
Calculate the remainder when 44213099 is divided by 32.
11
What is the remainder when 19290 is divided by 17284?
2006
What is the remainder when 12333404 is divided by 290?
284
What is the remainder when 18153 is divided by 581?
142
What is the remainder when 1510515 is divided by 76?
15
Calculate the remainder when 2265113 is divided by 59.
44
What is the remainder when 1239656 is divided by 206600?
56
Calculate the remainder when 570900 is divided by 285296.
308
What is the remainder when 7722862 is divided by 331?
301
What is the remainder when 509014 is divided by 1019?
533
Calculate the remainder when 38824059 is divided by 1315.
1314
Calculate the remainder when 14432955 is divid